Suppose -d + 3*g = -r, -2*d + g = -7*d + 10. What are the prime factors of d?
2
Let d = 11 - 5. Suppose -4*h - d = -6*h. Suppose x - 6*x = h*j - 53, -2*j + 2*x = -30. List the prime factors of j.
2
Let t be 2/(-3) + (-4)/12. Let a = t - -3. List the prime factors of a.
2
Let r(m) = m**2 - 9*m - 13. Let j be r(9). Let a = 23 + j. What are the prime factors of a?
2, 5
Let v = -3 + 5. Suppose 36 = 4*l - 2*u - u, -v*l + 4*u = -18. List the prime factors of l.
3
Suppose 3*m + 17 = -5*b, 0*m = 4*b + 5*m + 24. What are the prime factors of (b - -2) + -1 + 22?
2, 11
Let l = -27 - -56. What are the prime factors of l?
29
Let f(m) = -6*m - 19. What are the prime factors of f(-8)?
29
Let u(s) = -2*s**3 - 3*s**2 - s - 5. List the prime factors of u(-3).
5
Suppose 512 = 5*l + 4*m, 194 = 2*l - 0*m - 2*m. What are the prime factors of l?
2, 5
Let n(f) = -16*f - 21 + 4 + 7 + 2*f. What are the prime factors of n(-4)?
2, 23
Suppose 2*d - 94 = -o - 3*d, 0 = 3*d. Suppose 6 = j + 4*c, -3*c = -j - c + 12. Suppose -b + 5*k = -21, -5*b + o = -4*k + j. List the prime factors of b.
2
Suppose -222 = 11*y - 1575. List the prime factors of y.
3, 41
Let o(q) = -q**3 - 9*q**2 + 6. Let h be o(-9). What are the prime factors of 32/h*75/10?
2, 5
Let h(i) = -i**3 - 2*i**2 - 2*i. Let y(g) = -g - 6. Let a be y(-3). What are the prime factors of h(a)?
3, 5
Suppose -2*t = -4 - 0. Suppose -2*f + 2*g = 2, -5*f = 3*g + t*g - 25. What are the prime factors of 11 - 3 - 2/f?
7
Let v = -7 + 6. Let h be v*4/6*-3. List the prime factors of h*9/6*2.
2, 3
Let k = 842 + -561. List the prime factors of k.
281
Suppose -d - 3 = -2*d. Suppose 0 = 8*h - d*h - 60. List the prime factors of h.
2, 3
Let g(k) = 10*k**3 + 2*k**2 - 1. Let u be g(1). Let m(n) = -17*n**3 + n**2 - n - 1. Let y be m(-1). Let i = y - u. List the prime factors of i.
7
Suppose 0*y - 218 = -4*m + 2*y, 0 = m + 2*y - 57. List the prime factors of m.
5, 11
Suppose -67 + 64 = -s. What are the prime factors of s?
3
Let a be (-6)/(-10) + 42/30. What are the prime factors of 3 - (-12 + (-6)/a)?
2, 3
Let o(l) = -5*l**3 + 7*l**2 - 6*l + 4. Let v(g) = -6*g**3 + 7*g**2 - 7*g + 3. Let q(p) = -5*o(p) + 4*v(p). What are the prime factors of q(7)?
2, 3
Let s(p) = -p**3 + 9*p**2 + 12*p - 9. Suppose 2*t - 5*z - 10 - 35 = 0, -5*t = -4*z - 70. What are the prime factors of s(t)?
11
Suppose i + 4*x - 30 = -2*i, 2*i - 15 = -x. Suppose -12 = 2*n - i*n. Suppose -4*u + 2 = -n*u. List the prime factors of u.
2
Suppose -3*c + 25 = m, 5 = -c + 3*m - 0*m. What are the prime factors of c?
7
Let v be 3/2*4/3. Suppose 4*t + 11 - 50 = -m, -v*m + 28 = 3*t. What are the prime factors of ((-8)/t)/((-4)/30)?
2, 3
Suppose -5*z = -0*z - 90. Let d(a) = -2*a - 5. Let k be d(4). Let q = k + z. List the prime factors of q.
5
What are the prime factors of (-2)/3 + 128/12?
2, 5
Suppose -5*i - 11 = 2*r + 3, 4*r = -5*i - 8. Suppose 2*q + 8 = 0, r*h = 5*q + 50 + 9. List the prime factors of h.
13
Suppose 3*z + d = 2, -3*d - 4 = 3*z - 10. Suppose z = -2*w - 2*w + 8. Let p = w - 0. What are the prime factors of p?
2
Let b = 266 - 110. Suppose -2*a = 2*a - b. List the prime factors of a.
3, 13
Let r(i) = -i**3 - i**2 - 1. Let f be r(-2). Suppose c + 13 = 2*c + k, f*c - 34 = -4*k. Suppose c = -0*d + 2*d. List the prime factors of d.
3
Let j(d) = -d**2 + 5*d. Let a be j(4). Suppose a*n = 2*n + 8. List the prime factors of (-1 - -3)*n/2.
2
Let b be 14/((-1)/(3/(-3))). Suppose 0 = 3*y - 5*y + b. Suppose -2*f = -y*f + 45. List the prime factors of f.
3
Let m(d) = -d**2 - 4*d - 17. Let t be 2/(-2) + 2 - 7. Let j(p) = 2*p**2 + 7*p + 35. Let r(z) = t*j(z) - 13*m(z). What are the prime factors of r(-9)?
2
Suppose -3*n + 2*q = -7, 2*n + q = 7*n - 14. Let j(s) = -3*s**2 + 2*s + s**n + 2*s**3 - 3 + 4. What are the prime factors of j(2)?
17
Let l(k) = 2*k - 12. Let d be l(9). List the prime factors of d/(-4) - (-43)/2.
2, 5
Let n(q) = 3*q**3 - 3*q**2 - 3*q - 21. Let m(o) = -10*o**3 + 10*o**2 + 10*o + 62. Let v(i) = -2*m(i) - 7*n(i). What are the prime factors of v(0)?
23
Suppose -2*y - 3*i = -59, y + 4*i - 6 = 36. Let s = 37 - y. List the prime factors of s.
3, 5
Suppose 2*h - h = 4. Suppose -h*a = -9*a - 10. Let c(x) = -2*x - 2. List the prime factors of c(a).
2
Let i(s) = 4*s - 4*s - 3 + 14 + s. What are the prime factors of i(-8)?
3
Let d = -7 - -9. Let o be 67/d*(-1 - -3). Suppose 2*j = 3*f + 7*j - o, -f + 3*j - 1 = 0. What are the prime factors of f?
2, 7
Suppose -v + 14 = 3*u - 2*u, 4 = -4*v. Suppose 5*f - u = 2*f. What are the prime factors of f?
5
Suppose -9*w + 81 = -8*w. List the prime factors of (w/6)/(4/8).
3
Let x(v) = 0*v + 0*v + 2*v. Let d = 2 + -1. List the prime factors of x(d).
2
Let t(y) = -4*y**3 - 4*y**2 - 5*y + 3. Let v = -11 - -7. Let h be t(v). What are the prime factors of h/15 + (-1)/3?
2, 7
Suppose 4*r - 3 = 5*h + 85, -h = -5*r + 110. Suppose 3 = -3*p - 3*o, -3*p + r = -2*o - 0. Suppose i + 4 = 0, 3*s + p*i - 29 = -2*s. List the prime factors of s.
3
Suppose 0 = 5*r - 5*l + 30, 4*r - 9 + 36 = 5*l. List the prime factors of ((-1)/r)/(1/51).
17
What are the prime factors of 6 + -3 - 15/(-3)?
2
Let c = 0 - -3. Suppose -38 = -3*b - 2*v, -v - c + 16 = b. What are the prime factors of b?
2, 3
List the prime factors of ((-12)/8)/1*-74.
3, 37
Suppose -7*a - 504 = -11*a. List the prime factors of a.
2, 3, 7
Let c be (2/4)/(1/4). Let h = 10 - 1. Suppose l + h = c*l. What are the prime factors of l?
3
Suppose -4*s + 5*u - 31 = 0, -2*s + 0*u + 2*u - 14 = 0. Let i be (-1 - 3)/(s/34). Suppose 0 = 2*q - i + 8. List the prime factors of q.
13
Let m = 10 + -5. Let r = -4 + m. Suppose -r - 3 = -s. What are the prime factors of s?
2
Suppose -3*x - 8 = -7*x. Suppose -3*w = -4*g + x*g + 10, -3*w + 30 = 3*g. List the prime factors of g.
2
Let y(m) = -2*m**3 - 4*m**2 + m - 1. Let w be y(-3). List the prime factors of w/7*(10 - -2).
2, 3
Suppose -z - 8 = -2*r, -z = 4*r - 14 - 8. What are the prime factors of (-1 + 0)/(z/(-38))?
19
Let y(z) be the third derivative of z**6/120 - 3*z**5/20 + z**4/24 - 7*z**3/6 + 2*z**2. Let a be y(9). Let n = a - -6. List the prime factors of n.
2
Suppose 3*f = 2*b - 6, -6*f = -f. Suppose 3*v - 6 = -3*t, b*v - 5*t = v + 39. What are the prime factors of v?
7
Suppose 0 = 4*p + 5 + 15. Let g = 8 - p. What are the prime factors of g?
13
Let d(s) = s**3 - 8*s**2 - 9*s - 5. Let a be d(9). Let l(u) = u + 6. Let b be l(-6). List the prime factors of 1/2*b - a.
5
Let f(p) = 10*p + 7. What are the prime factors of f(2)?
3
Suppose 0 = -2*b - 2*l + 44, 0 = 3*b + l - 4*l - 66. What are the prime factors of b?
2, 11
Let c(x) = -x - 7. Let a be c(-10). Suppose -27 = -0*b - a*b. List the prime factors of b.
3
Suppose -16 = 2*r - 74. Suppose 0 = -0*v + 2*v - d - 58, 0 = -v + d + r. List the prime factors of v.
29
Suppose -8*q + 474 = -1062. What are the prime factors of q?
2, 3
Let a = -71 - -104. What are the prime factors of a?
3, 11
Suppose 2 = -2*k, 2*k - 133 = -3*v + 6*k. What are the prime factors of v?
43
Let f(k) = -k**3 + 6*k**2 + 6*k - 24. List the prime factors of f(6).
2, 3
Suppose 4*n - 138 = 170. What are the prime factors of n?
7, 11
Let d = -21 + 41. Suppose 6*h - d = 4*h. What are the prime factors of h?
2, 5
Let g(s) = -s**3 + 14*s**2 - 11*s - 23. List the prime factors of g(12).
7, 19
Let k be -5*(-1 - (1 - 1)). Let d(c) = 2*c + c + k*c - c**2. List the prime factors of d(7).
7
Let m = -4 - -8. Suppose -m*z = -8 - 0. What are the prime factors of z?
2
Let h be (-3 - -2)/(2/(-32)). Suppose -h = -5*x - 6. What are the prime factors of (-4)/(-1)*x + 2?
2, 5
Let h = 431 - 147. What are the prime factors of h?
2, 71
Suppose -286 = -y - 12*y. Suppose -5*d = -6 + 56. Let r = y + d. List the prime factors of r.
2, 3
Let x(k) be the second derivative of k**5/5 - k**3/3 + k**2/2 - 2*k. Let y be x(1). Suppose -6*m + 9 = -y*m. List the prime factors of m.
3
Suppose 9*f - 20*f + 3366 = 0. What are the prime factors of f?
2, 3, 17
Suppose 0 = -j - 4*x + 19, -3*j - x + 8 + 49 = 0. List the prime factors of j.
19
Suppose 0 = t + 3*g - 0*g - 5, -t = 2*g - 4. Let x = 15 - 9. Suppose -2*d + t = -x. What are the prime factors of d?
2
Let p(y) = -2*y - 40. Let m be p(-17). Suppose 0 = -2*i + i + 6. List the prime factors of i*1/m*-2.
2
Suppose s - 14 = 6. Suppose f + 4*